{"id":133,"date":"2025-06-12T08:56:33","date_gmt":"2025-06-12T08:56:33","guid":{"rendered":"https:\/\/hasannahi.com\/?page_id=133"},"modified":"2025-06-12T08:56:33","modified_gmt":"2025-06-12T08:56:33","slug":"qellimet-tona","status":"publish","type":"page","link":"https:\/\/hasannahi.com\/?page_id=133","title":{"rendered":"Q\u00ebllimet tona"},"content":{"rendered":"\n<ol class=\"wp-block-list\">\n<li>T\u00eb ofrojm\u00eb nj\u00eb mjedis m\u00ebsimor q\u00eb inkurajon zhvillimin e plot\u00eb intelektual, etik dhe social t\u00eb nx\u00ebn\u00ebsve;<\/li>\n\n\n\n<li>T\u00eb nd\u00ebrtojm\u00eb ura nd\u00ebrkomb\u00ebtare bashk\u00ebpunimi p\u00ebrmes pjes\u00ebmarrjes n\u00eb olimpiada shkencore;<\/li>\n\n\n\n<li>T\u00eb fuqizojm\u00eb teknologjin\u00eb dhe t\u00eb m\u00ebsuarit inovativ n\u00eb \u00e7do nivel;<\/li>\n\n\n\n<li>T\u00eb p\u00ebrgatisim nx\u00ebn\u00ebs q\u00eb arrijn\u00eb suksese n\u00eb universitetet m\u00eb prestigjioze t\u00eb bot\u00ebs.<\/li>\n<\/ol>\n","protected":false},"excerpt":{"rendered":"","protected":false},"author":1,"featured_media":0,"parent":0,"menu_order":0,"comment_status":"closed","ping_status":"closed","template":"","meta":{"footnotes":""},"class_list":["post-133","page","type-page","status-publish","hentry"],"_links":{"self":[{"href":"https:\/\/hasannahi.com\/index.php?rest_route=\/wp\/v2\/pages\/133","targetHints":{"allow":["GET"]}}],"collection":[{"href":"https:\/\/hasannahi.com\/index.php?rest_route=\/wp\/v2\/pages"}],"about":[{"href":"https:\/\/hasannahi.com\/index.php?rest_route=\/wp\/v2\/types\/page"}],"author":[{"embeddable":true,"href":"https:\/\/hasannahi.com\/index.php?rest_route=\/wp\/v2\/users\/1"}],"replies":[{"embeddable":true,"href":"https:\/\/hasannahi.com\/index.php?rest_route=%2Fwp%2Fv2%2Fcomments&post=133"}],"version-history":[{"count":1,"href":"https:\/\/hasannahi.com\/index.php?rest_route=\/wp\/v2\/pages\/133\/revisions"}],"predecessor-version":[{"id":134,"href":"https:\/\/hasannahi.com\/index.php?rest_route=\/wp\/v2\/pages\/133\/revisions\/134"}],"wp:attachment":[{"href":"https:\/\/hasannahi.com\/index.php?rest_route=%2Fwp%2Fv2%2Fmedia&parent=133"}],"curies":[{"name":"wp","href":"https:\/\/api.w.org\/{rel}","templated":true}]}}