{"id":145,"date":"2025-06-12T09:00:55","date_gmt":"2025-06-12T09:00:55","guid":{"rendered":"https:\/\/hasannahi.com\/?page_id=145"},"modified":"2025-06-12T09:00:55","modified_gmt":"2025-06-12T09:00:55","slug":"akademia-e-mesimdhenesve","status":"publish","type":"page","link":"https:\/\/hasannahi.com\/?page_id=145","title":{"rendered":"Akademia e m\u00ebsimdh\u00ebn\u00ebsve"},"content":{"rendered":"\n<p>Gjimnazi \u201cHasan Nahi\u201d ofron nj\u00eb program t\u00eb brendsh\u00ebm t\u00eb zhvillimit profesional p\u00ebr m\u00ebsimdh\u00ebn\u00ebsit, q\u00eb p\u00ebrfshin:<\/p>\n\n\n\n<ul class=\"wp-block-list\">\n<li>Trajnime n\u00eb metodat moderne t\u00eb m\u00ebsimdh\u00ebnies;<\/li>\n\n\n\n<li>P\u00ebrdorim t\u00eb teknologjis\u00eb n\u00eb klas\u00eb;<\/li>\n\n\n\n<li>Edukim mbi inteligjenc\u00ebn emocionale dhe nd\u00ebrtimin e marr\u00ebdh\u00ebnieve me nx\u00ebn\u00ebsit;<\/li>\n\n\n\n<li>Shk\u00ebmbime nd\u00ebrkomb\u00ebtare p\u00ebrmes projekteve me gjimnaze t\u00eb tjera.<\/li>\n<\/ul>\n","protected":false},"excerpt":{"rendered":"<p>Gjimnazi \u201cHasan Nahi\u201d ofron nj\u00eb program t\u00eb brendsh\u00ebm t\u00eb zhvillimit profesional p\u00ebr m\u00ebsimdh\u00ebn\u00ebsit, q\u00eb p\u00ebrfshin:<\/p>\n","protected":false},"author":1,"featured_media":0,"parent":0,"menu_order":0,"comment_status":"closed","ping_status":"closed","template":"","meta":{"footnotes":""},"class_list":["post-145","page","type-page","status-publish","hentry"],"_links":{"self":[{"href":"https:\/\/hasannahi.com\/index.php?rest_route=\/wp\/v2\/pages\/145","targetHints":{"allow":["GET"]}}],"collection":[{"href":"https:\/\/hasannahi.com\/index.php?rest_route=\/wp\/v2\/pages"}],"about":[{"href":"https:\/\/hasannahi.com\/index.php?rest_route=\/wp\/v2\/types\/page"}],"author":[{"embeddable":true,"href":"https:\/\/hasannahi.com\/index.php?rest_route=\/wp\/v2\/users\/1"}],"replies":[{"embeddable":true,"href":"https:\/\/hasannahi.com\/index.php?rest_route=%2Fwp%2Fv2%2Fcomments&post=145"}],"version-history":[{"count":1,"href":"https:\/\/hasannahi.com\/index.php?rest_route=\/wp\/v2\/pages\/145\/revisions"}],"predecessor-version":[{"id":146,"href":"https:\/\/hasannahi.com\/index.php?rest_route=\/wp\/v2\/pages\/145\/revisions\/146"}],"wp:attachment":[{"href":"https:\/\/hasannahi.com\/index.php?rest_route=%2Fwp%2Fv2%2Fmedia&parent=145"}],"curies":[{"name":"wp","href":"https:\/\/api.w.org\/{rel}","templated":true}]}}